e remainder when j(-1) is divided by v?
19
Calculate the remainder when 233 is divided by 2/8 + -1 + (-6125)/(-28).
15
Suppose 0 = 13*a - 14*a - 3. Calculate the remainder when (a/(24/52))/(3/(-30)) is divided by 17.
14
Calculate the remainder when 399 is divided by ((-12)/(-18))/((-30)/(-2655)).
45
Let l(p) = -5*p**2 + 9*p - 23. Let d be l(5). Let z = d - -101. Let y(r) = 12*r**2 + r - 1. What is the remainder when y(z) is divided by 8?
5
Let g = 54 - 33. Calculate the remainder when g is divided by 17 + -6 - (-90)/18.
5
Let u(o) = 34. Let c(i) = -i + 66. Let w(j) = 3*c(j) - 5*u(j). Let k be w(8). Suppose 0 = k*t - 15 - 33. Calculate the remainder when 21 is divided by t.
9
Let y(u) = u**2 - 722*u + 3591. What is the remainder when 1162 is divided by y(5)?
4
Suppose -2*a + v = -9, -4*a - 2*v - 1 = 1. Suppose 392 = a*k + 3*g, 6*g - 206 = -k + 2*g. What is the remainder when k is divided by 13?
8
Let n(o) = -86*o - 4589. What is the remainder when 9305 is divided by n(-56)?
225
Let u be ((-5)/30)/(2/(-24)). Suppose 0 = u*c - 5*c - d + 36, 0 = 4*d - 12. Calculate the remainder when 30 is divided by c.
8
Let y = 36 - -2. Let c be 12436/14 - 4/14*1. Suppose 0 = 4*g - 3*k - c, -g - 2*k + 3*k = -221. Calculate the remainder when g is divided by y.
35
Let i(a) = -583*a + 1. Let h be i(1). Let n(u) = -6*u**2 - 133*u - 123. What is the remainder when h/(-10) + 2/(-10) is divided by n(-21)?
10
Let m = 1403 - 1350. Suppose -n + 10 = 6. What is the remainder when m is divided by n?
1
Let p = 343 + -306. Suppose f = -2*f + 2*c + 213, -4*f - 5*c + 284 = 0. What is the remainder when f is divided by p?
34
Let g(l) = -25*l**3 + 2*l**2 + 52*l + 31. Calculate the remainder when g(-5) is divided by 419.
13
Suppose 0 = 5*q + z - 10, z = -10*q + 8*q + 1. Suppose -q*a - 1510 = -5*k, -4*k + 2*a + 1304 = 96. What is the remainder when k is divided by 16?
14
Suppose -16*f + l = -5498, 4*f + 3*l - 1352 = 7*l. Calculate the remainder when f is divided by 174.
170
Suppose 0 = -124*t + 140*t + 1152. Let b = 21 - 91. Let h = b - t. What is the remainder when 10 is divided by h?
0
Let c be (6*16/(-120))/((-4)/110). Suppose -6 + c = -4*h, -4*h = z - 19. Calculate the remainder when 67 is divided by z.
32
Let y(t) = -2 + 15*t + 1 - 4 - 3. Let r(n) = n**2 + 3*n + 8. What is the remainder when y(4) is divided by r(-5)?
16
Let f = -232 + 235. Calculate the remainder when 74/4*(0 - f - -9) is divided by 15.
6
Let r(b) = b**3 + 15*b**2 - 39*b - 27. Suppose -2*i + 2 = g + 26, 4*g + 68 = -i. What is the remainder when r(g) is divided by 57?
56
What is the remainder when 1062 is divided by (3*10 + -2)*(17 - (-1020)/(-80))?
110
Let r = -43 + 39. Calculate the remainder when ((-1)/(-3))/(8/1224) - r is divided by (12*1)/((-6)/(-4)).
7
Let r(p) = -2*p - 1 + 11*p**3 - 4 - 10*p**3 - 3*p**2. Let o be r(4). Suppose 0 = 2*a - o*a + 6. What is the remainder when 23 is divided by a?
5
Let m(u) = -3 - u**2 - 5 + 15*u - 16 - 4. Let a be m(12). Suppose -192 = -a*k + 88. Calculate the remainder when k is divided by 14.
7
Let p = -113 + 119. Let o(l) = l**2 - 8*l + 24. Calculate the remainder when o(p) is divided by 5.
2
Suppose 33*d - 7249 = 22*d. Suppose 2144 = 27*r + d. Calculate the remainder when r is divided by 24.
7
Let m(o) = -7*o - 77. Suppose 2*k + 3*z - 79 = 0, 0 = -4*k - 4*z + 254 - 86. What is the remainder when k is divided by m(-12)?
5
Let f(w) = 16*w**2 + 23*w + 86. What is the remainder when f(-4) is divided by 53?
38
Calculate the remainder when 6142/23 + (-40)/920 is divided by 10.
7
Suppose -359*r - 4520 + 5362 + 11005 = 0. What is the remainder when 271 is divided by r?
7
Let m = -3315 + 3376. Suppose w = 3*j + 167, w = j - 34 + 209. Calculate the remainder when w is divided by m.
57
Let q = -7083 + 7216. Calculate the remainder when 5319 is divided by q.
132
Let z(w) = 186*w**2 - 23*w. Let v be z(1). Suppose -61 = -16*h + v. What is the remainder when 63 is divided by h?
7
Let y(n) = 5*n - 46. Let a be y(9). Calculate the remainder when -78*(3*a)/(3/2) is divided by 53.
50
Let o(t) = 51*t - 47. Let m be o(4). Let s = m + -153. Let i = 27 - 17. Calculate the remainder when i is divided by s.
2
Let z(y) = y**3 - 21*y**2 + 112*y + 15. Calculate the remainder when 846 is divided by z(9).
30
Let i(k) = 130*k + 7. Let b be i(-4). Suppose -z - 5*m = -70, -311*z = -308*z - 4*m - 267. What is the remainder when z is divided by (-6)/(-4) - b/18?
25
Suppose -5*b - s + 293 = 52, 0 = -b + 3*s + 61. Suppose -9*q = -8*q - 24. Calculate the remainder when b is divided by (-29)/(-2) - q/16.
10
Calculate the remainder when 3500 is divided by (25 + -26)/(0 + (-3 - (-88)/30)).
5
Let f(t) be the third derivative of t**6/20 - t**4/24 - t**3/2 - 42*t**2. Let a(v) = 2*v**2 - 13*v - 9. What is the remainder when f(2) is divided by a(8)?
13
Let h(q) = -q**2 - 35*q - 185. Let j be h(-29). Let k(s) = s**2 + 16*s + 81. Calculate the remainder when k(j) is divided by 4.
2
Suppose 2*d = 53 + 73. Suppose -6*c = -9*c + d. Calculate the remainder when c is divided by ((-3)/9)/(3/(-54)).
3
Let m = -292 - -1309. Suppose -m = -11*w - 280. Calculate the remainder when w is divided by ((-8)/10)/((-1)/30).
19
Let i = 1079 - 1027. What is the remainder when 85 is divided by i?
33
Suppose -s - 2*w = -18, 2*s + 5*w = 4*s - 45. Let c = -481 - -506. Calculate the remainder when c is divided by s.
5
Calculate the remainder when 138 is divided by 1352/10 + 27/(-135) + 0.
3
Let k(w) = -6*w + 447. Let p = 98 + -56. What is the remainder when k(-16) is divided by p?
39
Suppose -2*x + 5*k - 4531 = -17856, -3*k = -4*x + 26685. What is the remainder when x is divided by 18?
15
Suppose -h = -l + 231, -2*h = 12 - 6. What is the remainder when l is divided by 117?
111
Suppose 32*r + 83 + 11949 = 0. Let y = 425 + r. What is the remainder when y is divided by 29?
20
Calculate the remainder when (-102)/(-6) - 11541/(-6) - 2/(-4) is divided by 640.
21
Let o = -5351 - -5403. Calculate the remainder when 8111 is divided by o.
51
Let v = 49 - 235. Let q = v - -229. Calculate the remainder when 257 is divided by q.
42
Suppose t + 2*f - 355 = 0, 0 = 369*t - 368*t - 2*f - 383. Calculate the remainder when t is divided by 78.
57
Suppose 0 = 203*j - 20 - 3228. Let o = -34 + 73. What is the remainder when o is divided by j?
7
Let o = 69 + -73. Let w(a) = -20*a + 11. Let s be w(o). Suppose -3*r + 20 = -s. What is the remainder when 140 is divided by r?
29
Suppose -34*a = -1453 + 59. Let v(t) = 4*t - 153. Suppose -3*z + 125 = 2*l, z = -l - l + 43. What is the remainder when z is divided by v(a)?
8
Let g(p) = -p**3 - 10*p**2 + 78*p + 423. What is the remainder when 130 is divided by g(-14)?
15
Let y = 668 + -670. Let c be 10*(3/(-1) - 1). Calculate the remainder when 128 is divided by y - (c + 3 - -2).
29
Suppose 1538 = 3*r + l, 2*r + 9 - 1031 = l. What is the remainder when 513 is divided by r?
1
Let l(q) = q**3 - 8*q**2 + 61*q - 299. Calculate the remainder when l(14) is divided by 59.
20
Let z(n) = 12*n**2 + 5*n - 2. Let m(j) = j**2 + j - 32. Let h be m(-6). What is the remainder when z(h) is divided by 12?
0
Let b = -34102 - -34118. Let c = -1037 - -1465. Suppose j = 5*j - c. What is the remainder when j is divided by b?
11
What is the remainder when 122 is divided by -3*22/(-6) - (3 + 99/(-11))?
3
Let a = -5381 + 5534. Suppose 5*q = 4*q + 12. Calculate the remainder when a is divided by q.
9
Let a(p) = 256*p**2 + 7*p + 13. Calculate the remainder when a(-2) is divided by 64.
63
Suppose j - 281 = -3*f, 167 = 3*f - 2*j - 108. Let s(l) = 51*l + 4. Let q be s(5). Let u = 278 - q. What is the remainder when f is divided by u?
17
Calculate the remainder when 11/957*-6 - 3136/(-58) is divided by 164/10 + -1*4/10.
6
Let w(v) be the second derivative of v**4/12 + v**3/6 - 15*v**2 + v - 4. What is the remainder when 31 is divided by w(-7)?
7
Let f(x) = x - 23. Suppose 0 = -263*y + 258*y + 10. Suppose -3*p + 51 = y*l, -p = 3*l - 50 - 23. What is the remainder when 3 is divided by f(l)?
0
Suppose -3*y = -5*i - 78, 3*y + 10 = 4*i + 85. Let x(v) = -v**3 + 20*v**2 + 21*v + 25. What is the remainder when x(y) is divided by 10?
5
Calculate the remainder when (-4)/12 - 674/(-6) is divided by 19/(12 - 460/40).
36
Let q = -8244 - -8334. What is the remainde